{"id":118,"date":"2021-03-21T23:22:38","date_gmt":"2021-03-21T20:22:38","guid":{"rendered":"http:\/\/gazisehirdis.com\/?page_id=118"},"modified":"2021-05-20T23:35:35","modified_gmt":"2021-05-20T20:35:35","slug":"dr-erdal-degerli","status":"publish","type":"page","link":"https:\/\/gazisehirdis.com\/index.php\/dr-erdal-degerli\/","title":{"rendered":"Dt. Erdal DE\u011eERL\u0130"},"content":{"rendered":"\t\t<div data-elementor-type=\"wp-page\" data-elementor-id=\"118\" class=\"elementor elementor-118\" data-elementor-settings=\"[]\">\n\t\t\t\t\t\t<div class=\"elementor-inner\">\n\t\t\t\t\t\t\t<div class=\"elementor-section-wrap\">\n\t\t\t\t\t\t\t<section class=\"elementor-section elementor-top-section elementor-element elementor-element-0117ec4 elementor-section-full_width elementor-section-height-default elementor-section-height-default\" data-id=\"0117ec4\" data-element_type=\"section\">\n\t\t\t\t\t\t<div class=\"elementor-container elementor-column-gap-default\">\n\t\t\t\t\t\t\t<div class=\"elementor-row\">\n\t\t\t\t\t<div class=\"elementor-column elementor-col-50 elementor-top-column elementor-element elementor-element-1fb6cca\" data-id=\"1fb6cca\" data-element_type=\"column\">\n\t\t\t<div class=\"elementor-column-wrap elementor-element-populated\">\n\t\t\t\t\t\t\t<div class=\"elementor-widget-wrap\">\n\t\t\t\t\t\t<div class=\"elementor-element elementor-element-db703f8 elementor-widget elementor-widget-heading\" data-id=\"db703f8\" data-element_type=\"widget\" data-widget_type=\"heading.default\">\n\t\t\t\t<div class=\"elementor-widget-container\">\n\t\t\t<h4 class=\"elementor-heading-title elementor-size-default\">Dt. Erdal DE\u011eERL\u0130<\/h4>\t\t<\/div>\n\t\t\t\t<\/div>\n\t\t\t\t<div class=\"elementor-element elementor-element-154ccf4 elementor-widget elementor-widget-heading\" data-id=\"154ccf4\" data-element_type=\"widget\" data-widget_type=\"heading.default\">\n\t\t\t\t<div class=\"elementor-widget-container\">\n\t\t\t<h4 class=\"elementor-heading-title elementor-size-small\">Di\u015f Hekimi<\/h4>\t\t<\/div>\n\t\t\t\t<\/div>\n\t\t\t\t<div class=\"elementor-element elementor-element-fc38948 elementor-widget__width-auto elementor-widget elementor-widget-image\" data-id=\"fc38948\" data-element_type=\"widget\" data-widget_type=\"image.default\">\n\t\t\t\t<div class=\"elementor-widget-container\">\n\t\t\t\t\t\t\t\t<div class=\"elementor-image\">\n\t\t\t\t\t\t\t\t\t\t\t\t<img loading=\"lazy\" decoding=\"async\" width=\"206\" height=\"300\" src=\"https:\/\/gazisehirdis.com\/wp-content\/uploads\/2021\/05\/erdaldegerli-206x300.png\" class=\"attachment-medium size-medium\" alt=\"\" srcset=\"https:\/\/gazisehirdis.com\/wp-content\/uploads\/2021\/05\/erdaldegerli-206x300.png 206w, https:\/\/gazisehirdis.com\/wp-content\/uploads\/2021\/05\/erdaldegerli.png 499w\" sizes=\"auto, (max-width: 206px) 100vw, 206px\" \/>\t\t\t\t\t\t\t\t\t\t\t\t\t\t<\/div>\n\t\t\t\t\t\t<\/div>\n\t\t\t\t<\/div>\n\t\t\t\t<div class=\"elementor-element elementor-element-2c0c149 elementor-widget elementor-widget-heading\" data-id=\"2c0c149\" data-element_type=\"widget\" data-widget_type=\"heading.default\">\n\t\t\t\t<div class=\"elementor-widget-container\">\n\t\t\t<h4 class=\"elementor-heading-title elementor-size-small\">dterdal@hotmail.com<\/h4>\t\t<\/div>\n\t\t\t\t<\/div>\n\t\t\t\t\t\t<\/div>\n\t\t\t\t\t<\/div>\n\t\t<\/div>\n\t\t\t\t<div class=\"elementor-column elementor-col-50 elementor-top-column elementor-element elementor-element-39a0bef\" data-id=\"39a0bef\" data-element_type=\"column\">\n\t\t\t<div class=\"elementor-column-wrap elementor-element-populated\">\n\t\t\t\t\t\t\t<div class=\"elementor-widget-wrap\">\n\t\t\t\t\t\t<div class=\"elementor-element elementor-element-21e90db elementor-widget elementor-widget-heading\" data-id=\"21e90db\" data-element_type=\"widget\" data-widget_type=\"heading.default\">\n\t\t\t\t<div class=\"elementor-widget-container\">\n\t\t\t<h2 class=\"elementor-heading-title elementor-size-medium\">Mezuniyet<\/h2>\t\t<\/div>\n\t\t\t\t<\/div>\n\t\t\t\t<div class=\"elementor-element elementor-element-eda8f4c elementor-widget elementor-widget-text-editor\" data-id=\"eda8f4c\" data-element_type=\"widget\" data-widget_type=\"text-editor.default\">\n\t\t\t\t<div class=\"elementor-widget-container\">\n\t\t\t\t\t\t\t\t<div class=\"elementor-text-editor elementor-clearfix\">\n\t\t\t\t<p>Cumhuriyet \u00dcniversitesi (2001)<\/p>\t\t\t\t\t<\/div>\n\t\t\t\t\t\t<\/div>\n\t\t\t\t<\/div>\n\t\t\t\t<div class=\"elementor-element elementor-element-bd3e14f elementor-widget elementor-widget-heading\" data-id=\"bd3e14f\" data-element_type=\"widget\" data-widget_type=\"heading.default\">\n\t\t\t\t<div class=\"elementor-widget-container\">\n\t\t\t<h2 class=\"elementor-heading-title elementor-size-medium\">\u00d6zel \u0130lgi Alan\u0131<\/h2>\t\t<\/div>\n\t\t\t\t<\/div>\n\t\t\t\t<div class=\"elementor-element elementor-element-1478c6d elementor-widget elementor-widget-text-editor\" data-id=\"1478c6d\" data-element_type=\"widget\" data-widget_type=\"text-editor.default\">\n\t\t\t\t<div class=\"elementor-widget-container\">\n\t\t\t\t\t\t\t\t<div class=\"elementor-text-editor elementor-clearfix\">\n\t\t\t\t<p>\u0130mplant, \u0130mplant \u00dcst\u00fc Protezler, Zirkonyum Kaplamalar, G\u00fcl\u00fc\u015f Tasar\u0131m\u0131, Estetik Di\u015f Hekimli\u011fi<\/p>\t\t\t\t\t<\/div>\n\t\t\t\t\t\t<\/div>\n\t\t\t\t<\/div>\n\t\t\t\t<div class=\"elementor-element elementor-element-575833b elementor-widget elementor-widget-heading\" data-id=\"575833b\" data-element_type=\"widget\" data-widget_type=\"heading.default\">\n\t\t\t\t<div class=\"elementor-widget-container\">\n\t\t\t<h2 class=\"elementor-heading-title elementor-size-medium\">Yabanc\u0131 Dil<\/h2>\t\t<\/div>\n\t\t\t\t<\/div>\n\t\t\t\t<div class=\"elementor-element elementor-element-442e396 elementor-widget elementor-widget-text-editor\" data-id=\"442e396\" data-element_type=\"widget\" data-widget_type=\"text-editor.default\">\n\t\t\t\t<div class=\"elementor-widget-container\">\n\t\t\t\t\t\t\t\t<div class=\"elementor-text-editor elementor-clearfix\">\n\t\t\t\t<p>\u0130ngilizce<\/p>\t\t\t\t\t<\/div>\n\t\t\t\t\t\t<\/div>\n\t\t\t\t<\/div>\n\t\t\t\t\t\t<\/div>\n\t\t\t\t\t<\/div>\n\t\t<\/div>\n\t\t\t\t\t\t\t\t<\/div>\n\t\t\t\t\t<\/div>\n\t\t<\/section>\n\t\t\t\t<section class=\"elementor-section elementor-top-section elementor-element elementor-element-637f464 elementor-section-full_width elementor-section-height-default elementor-section-height-default\" data-id=\"637f464\" data-element_type=\"section\">\n\t\t\t\t\t\t<div class=\"elementor-container elementor-column-gap-default\">\n\t\t\t\t\t\t\t<div class=\"elementor-row\">\n\t\t\t\t\t<div class=\"elementor-column elementor-col-100 elementor-top-column elementor-element elementor-element-fd7b6a1\" data-id=\"fd7b6a1\" data-element_type=\"column\">\n\t\t\t<div class=\"elementor-column-wrap elementor-element-populated\">\n\t\t\t\t\t\t\t<div class=\"elementor-widget-wrap\">\n\t\t\t\t\t\t<div class=\"elementor-element elementor-element-35fd2f3 elementor-widget elementor-widget-image-gallery\" data-id=\"35fd2f3\" data-element_type=\"widget\" data-widget_type=\"image-gallery.default\">\n\t\t\t\t<div class=\"elementor-widget-container\">\n\t\t\t\t\t<div class=\"elementor-image-gallery\">\n\t\t\t<div id='gallery-1' class='gallery galleryid-118 gallery-columns-3 gallery-size-medium'><figure class='gallery-item'>\n\t\t\t<div class='gallery-icon landscape'>\n\t\t\t\t<a data-elementor-open-lightbox=\"yes\" data-elementor-lightbox-slideshow=\"35fd2f3\" data-elementor-lightbox-title=\"erdalevrak\" href='https:\/\/gazisehirdis.com\/wp-content\/uploads\/2021\/05\/erdalevrak.png'><img loading=\"lazy\" decoding=\"async\" width=\"300\" height=\"204\" src=\"https:\/\/gazisehirdis.com\/wp-content\/uploads\/2021\/05\/erdalevrak-300x204.png\" class=\"attachment-medium size-medium\" alt=\"\" srcset=\"https:\/\/gazisehirdis.com\/wp-content\/uploads\/2021\/05\/erdalevrak-300x204.png 300w, https:\/\/gazisehirdis.com\/wp-content\/uploads\/2021\/05\/erdalevrak-768x523.png 768w, https:\/\/gazisehirdis.com\/wp-content\/uploads\/2021\/05\/erdalevrak.png 820w\" sizes=\"auto, (max-width: 300px) 100vw, 300px\" \/><\/a>\n\t\t\t<\/div><\/figure><figure class='gallery-item'>\n\t\t\t<div class='gallery-icon landscape'>\n\t\t\t\t<a data-elementor-open-lightbox=\"yes\" data-elementor-lightbox-slideshow=\"35fd2f3\" data-elementor-lightbox-title=\"erdalevrak2\" href='https:\/\/gazisehirdis.com\/wp-content\/uploads\/2021\/05\/erdalevrak2.png'><img loading=\"lazy\" decoding=\"async\" width=\"300\" height=\"212\" src=\"https:\/\/gazisehirdis.com\/wp-content\/uploads\/2021\/05\/erdalevrak2-300x212.png\" class=\"attachment-medium size-medium\" alt=\"\" srcset=\"https:\/\/gazisehirdis.com\/wp-content\/uploads\/2021\/05\/erdalevrak2-300x212.png 300w, https:\/\/gazisehirdis.com\/wp-content\/uploads\/2021\/05\/erdalevrak2-768x543.png 768w, https:\/\/gazisehirdis.com\/wp-content\/uploads\/2021\/05\/erdalevrak2.png 788w\" sizes=\"auto, (max-width: 300px) 100vw, 300px\" \/><\/a>\n\t\t\t<\/div><\/figure><figure class='gallery-item'>\n\t\t\t<div class='gallery-icon portrait'>\n\t\t\t\t<a data-elementor-open-lightbox=\"yes\" data-elementor-lightbox-slideshow=\"35fd2f3\" data-elementor-lightbox-title=\"erdalevrak3\" href='https:\/\/gazisehirdis.com\/wp-content\/uploads\/2021\/05\/erdalevrak3.png'><img loading=\"lazy\" decoding=\"async\" width=\"213\" height=\"300\" src=\"https:\/\/gazisehirdis.com\/wp-content\/uploads\/2021\/05\/erdalevrak3-213x300.png\" class=\"attachment-medium size-medium\" alt=\"\" srcset=\"https:\/\/gazisehirdis.com\/wp-content\/uploads\/2021\/05\/erdalevrak3-213x300.png 213w, https:\/\/gazisehirdis.com\/wp-content\/uploads\/2021\/05\/erdalevrak3.png 395w\" sizes=\"auto, (max-width: 213px) 100vw, 213px\" \/><\/a>\n\t\t\t<\/div><\/figure><figure class='gallery-item'>\n\t\t\t<div class='gallery-icon landscape'>\n\t\t\t\t<a data-elementor-open-lightbox=\"yes\" data-elementor-lightbox-slideshow=\"35fd2f3\" data-elementor-lightbox-title=\"erdalevrak4\" href='https:\/\/gazisehirdis.com\/wp-content\/uploads\/2021\/05\/erdalevrak4.png'><img loading=\"lazy\" decoding=\"async\" width=\"300\" height=\"212\" src=\"https:\/\/gazisehirdis.com\/wp-content\/uploads\/2021\/05\/erdalevrak4-300x212.png\" class=\"attachment-medium size-medium\" alt=\"\" srcset=\"https:\/\/gazisehirdis.com\/wp-content\/uploads\/2021\/05\/erdalevrak4-300x212.png 300w, https:\/\/gazisehirdis.com\/wp-content\/uploads\/2021\/05\/erdalevrak4-768x544.png 768w, https:\/\/gazisehirdis.com\/wp-content\/uploads\/2021\/05\/erdalevrak4.png 787w\" sizes=\"auto, (max-width: 300px) 100vw, 300px\" \/><\/a>\n\t\t\t<\/div><\/figure><figure class='gallery-item'>\n\t\t\t<div class='gallery-icon landscape'>\n\t\t\t\t<a data-elementor-open-lightbox=\"yes\" data-elementor-lightbox-slideshow=\"35fd2f3\" data-elementor-lightbox-title=\"erdalevrak5\" href='https:\/\/gazisehirdis.com\/wp-content\/uploads\/2021\/05\/erdalevrak5.png'><img loading=\"lazy\" decoding=\"async\" width=\"300\" height=\"212\" src=\"https:\/\/gazisehirdis.com\/wp-content\/uploads\/2021\/05\/erdalevrak5-300x212.png\" class=\"attachment-medium size-medium\" alt=\"\" srcset=\"https:\/\/gazisehirdis.com\/wp-content\/uploads\/2021\/05\/erdalevrak5-300x212.png 300w, https:\/\/gazisehirdis.com\/wp-content\/uploads\/2021\/05\/erdalevrak5-768x543.png 768w, https:\/\/gazisehirdis.com\/wp-content\/uploads\/2021\/05\/erdalevrak5.png 788w\" sizes=\"auto, (max-width: 300px) 100vw, 300px\" \/><\/a>\n\t\t\t<\/div><\/figure><figure class='gallery-item'>\n\t\t\t<div class='gallery-icon landscape'>\n\t\t\t\t<a data-elementor-open-lightbox=\"yes\" data-elementor-lightbox-slideshow=\"35fd2f3\" data-elementor-lightbox-title=\"erdalevrak6\" href='https:\/\/gazisehirdis.com\/wp-content\/uploads\/2021\/05\/erdalevrak6.png'><img loading=\"lazy\" decoding=\"async\" width=\"300\" height=\"212\" src=\"https:\/\/gazisehirdis.com\/wp-content\/uploads\/2021\/05\/erdalevrak6-300x212.png\" class=\"attachment-medium size-medium\" alt=\"\" srcset=\"https:\/\/gazisehirdis.com\/wp-content\/uploads\/2021\/05\/erdalevrak6-300x212.png 300w, https:\/\/gazisehirdis.com\/wp-content\/uploads\/2021\/05\/erdalevrak6-768x544.png 768w, https:\/\/gazisehirdis.com\/wp-content\/uploads\/2021\/05\/erdalevrak6.png 787w\" sizes=\"auto, (max-width: 300px) 100vw, 300px\" \/><\/a>\n\t\t\t<\/div><\/figure><figure class='gallery-item'>\n\t\t\t<div class='gallery-icon portrait'>\n\t\t\t\t<a data-elementor-open-lightbox=\"yes\" data-elementor-lightbox-slideshow=\"35fd2f3\" data-elementor-lightbox-title=\"erdalevrak7\" href='https:\/\/gazisehirdis.com\/wp-content\/uploads\/2021\/05\/erdalevrak7.png'><img loading=\"lazy\" decoding=\"async\" width=\"212\" height=\"300\" src=\"https:\/\/gazisehirdis.com\/wp-content\/uploads\/2021\/05\/erdalevrak7-212x300.png\" class=\"attachment-medium size-medium\" alt=\"\" srcset=\"https:\/\/gazisehirdis.com\/wp-content\/uploads\/2021\/05\/erdalevrak7-212x300.png 212w, https:\/\/gazisehirdis.com\/wp-content\/uploads\/2021\/05\/erdalevrak7.png 394w\" sizes=\"auto, (max-width: 212px) 100vw, 212px\" \/><\/a>\n\t\t\t<\/div><\/figure><figure class='gallery-item'>\n\t\t\t<div class='gallery-icon landscape'>\n\t\t\t\t<a data-elementor-open-lightbox=\"yes\" data-elementor-lightbox-slideshow=\"35fd2f3\" data-elementor-lightbox-title=\"erdalevrak8\" href='https:\/\/gazisehirdis.com\/wp-content\/uploads\/2021\/05\/erdalevrak8.png'><img loading=\"lazy\" decoding=\"async\" width=\"300\" height=\"197\" src=\"https:\/\/gazisehirdis.com\/wp-content\/uploads\/2021\/05\/erdalevrak8-300x197.png\" class=\"attachment-medium size-medium\" alt=\"\" srcset=\"https:\/\/gazisehirdis.com\/wp-content\/uploads\/2021\/05\/erdalevrak8-300x197.png 300w, https:\/\/gazisehirdis.com\/wp-content\/uploads\/2021\/05\/erdalevrak8-768x504.png 768w, https:\/\/gazisehirdis.com\/wp-content\/uploads\/2021\/05\/erdalevrak8.png 849w\" sizes=\"auto, (max-width: 300px) 100vw, 300px\" \/><\/a>\n\t\t\t<\/div><\/figure><figure class='gallery-item'>\n\t\t\t<div class='gallery-icon landscape'>\n\t\t\t\t<a data-elementor-open-lightbox=\"yes\" data-elementor-lightbox-slideshow=\"35fd2f3\" data-elementor-lightbox-title=\"erdalevrak9\" href='https:\/\/gazisehirdis.com\/wp-content\/uploads\/2021\/05\/erdalevrak9.png'><img loading=\"lazy\" decoding=\"async\" width=\"300\" height=\"225\" src=\"https:\/\/gazisehirdis.com\/wp-content\/uploads\/2021\/05\/erdalevrak9-300x225.png\" class=\"attachment-medium size-medium\" alt=\"\" srcset=\"https:\/\/gazisehirdis.com\/wp-content\/uploads\/2021\/05\/erdalevrak9-300x225.png 300w, https:\/\/gazisehirdis.com\/wp-content\/uploads\/2021\/05\/erdalevrak9.png 742w\" sizes=\"auto, (max-width: 300px) 100vw, 300px\" \/><\/a>\n\t\t\t<\/div><\/figure>\n\t\t<\/div>\n\t\t<\/div>\n\t\t\t\t<\/div>\n\t\t\t\t<\/div>\n\t\t\t\t\t\t<\/div>\n\t\t\t\t\t<\/div>\n\t\t<\/div>\n\t\t\t\t\t\t\t\t<\/div>\n\t\t\t\t\t<\/div>\n\t\t<\/section>\n\t\t\t\t<section class=\"elementor-section elementor-top-section elementor-element elementor-element-d0cfea7 elementor-section-full_width elementor-section-height-default elementor-section-height-default\" data-id=\"d0cfea7\" data-element_type=\"section\">\n\t\t\t\t\t\t<div class=\"elementor-container elementor-column-gap-default\">\n\t\t\t\t\t\t\t<div class=\"elementor-row\">\n\t\t\t\t\t<div class=\"elementor-column elementor-col-100 elementor-top-column elementor-element elementor-element-d34d9f5\" data-id=\"d34d9f5\" data-element_type=\"column\">\n\t\t\t<div class=\"elementor-column-wrap elementor-element-populated\">\n\t\t\t\t\t\t\t<div class=\"elementor-widget-wrap\">\n\t\t\t\t\t\t<div class=\"elementor-element elementor-element-9205fb2 elementor-widget elementor-widget-heading\" data-id=\"9205fb2\" data-element_type=\"widget\" data-widget_type=\"heading.default\">\n\t\t\t\t<div class=\"elementor-widget-container\">\n\t\t\t<h2 class=\"elementor-heading-title elementor-size-medium\">\u00d6zge\u00e7mi\u015f<\/h2>\t\t<\/div>\n\t\t\t\t<\/div>\n\t\t\t\t<div class=\"elementor-element elementor-element-d3424b8 elementor-widget elementor-widget-text-editor\" data-id=\"d3424b8\" data-element_type=\"widget\" data-widget_type=\"text-editor.default\">\n\t\t\t\t<div class=\"elementor-widget-container\">\n\t\t\t\t\t\t\t\t<div class=\"elementor-text-editor elementor-clearfix\">\n\t\t\t\t<p>1978 y\u0131l\u0131 Sivas do\u011fumlu, \u0130lk ve Orta \u00d6\u011frenimini Sivas\u2019ta tamamlad\u0131ktan sonra lise \u00f6\u011frenimini Malatya Fen Lisesinde bitirdi ve 1996 y\u0131l\u0131nda Sivas Cumhuriyet \u00dcniversitesi Di\u015f Hekimli\u011fi Fak\u00fcltesini birincilikle kazand\u0131.\u00a0<span style=\"font-family: 'Open Sans', serif; font-size: 15px;\">2001 y\u0131l\u0131nda \u00fcniversiteden yine birincilikle mezun oldu ve ayn\u0131 y\u0131l Sivas ili Divri\u011fi il\u00e7esinde kurdu\u011fu \u00f6zel bir muayenehanede 16 y\u0131l hizmet verdi.<\/span><\/p><p>Askerlik g\u00f6revini 2008 y\u0131l\u0131nda Malatya ilinde yedek subay olarak tamamlad\u0131. 2017 y\u0131l\u0131nda ailesi ile birlikte Gaziantep\u2019e ta\u015f\u0131nd\u0131.<\/p><p><span style=\"font-family: 'Open Sans', serif; font-size: 15px;\">2020 y\u0131l\u0131na kadar yine \u00f6zel sekt\u00f6rde di\u015f hekimli\u011fi yapt\u0131ktan sonra 2021 y\u0131l\u0131nda \u00d6zel <strong>Gazi\u015fehir A\u011f\u0131z ve Di\u015f Sa\u011fl\u0131\u011f\u0131 Poliklini\u011fi<\/strong>\u2019ni kurdu.<\/span><\/p><p><span style=\"font-family: 'Open Sans', serif; font-size: 15px;\">Gerek yurti\u00e7i gerekse yurtd\u0131\u015f\u0131 bir\u00e7ok seminer, kurs gibi e\u011fitim faaliyetlerine kat\u0131larak \u00f6zellikle \u0130mplant, \u0130mplant \u00dcst\u00fc Protezler, Zirkonyum Kaplamalar, \u0130leri Cerrahi Teknikler, G\u00fcl\u00fc\u015f Tasar\u0131m\u0131, Estetik Di\u015f Hekimli\u011fi gibi bir\u00e7ok alanda kendisini geli\u015ftirerek hastalar\u0131na daha iyi hizmet vermek i\u00e7in \u00e7al\u0131\u015ft\u0131.<\/span><\/p><p><span style=\"font-family: 'Open Sans', serif; font-size: 15px;\">Halen \u00d6zel Gazi\u015fehir A\u011f\u0131z ve Di\u015f Sa\u011fl\u0131\u011f\u0131 Poliklini\u011fi\u2019nde di\u015f hekimli\u011fi g\u00f6revini yapmakta olan Erdal DE\u011eERL\u0130 evli ve 3 \u00e7ocuk babas\u0131d\u0131r.<\/span><\/p>\t\t\t\t\t<\/div>\n\t\t\t\t\t\t<\/div>\n\t\t\t\t<\/div>\n\t\t\t\t\t\t<\/div>\n\t\t\t\t\t<\/div>\n\t\t<\/div>\n\t\t\t\t\t\t\t\t<\/div>\n\t\t\t\t\t<\/div>\n\t\t<\/section>\n\t\t\t\t\t\t<\/div>\n\t\t\t\t\t\t<\/div>\n\t\t\t\t\t<\/div>\n\t\t","protected":false},"excerpt":{"rendered":"<p>Dt. Erdal DE\u011eERL\u0130 Di\u015f Hekimi dterdal@hotmail.com Mezuniyet Cumhuriyet \u00dcniversitesi (2001) \u00d6zel \u0130lgi Alan\u0131 \u0130mplant, \u0130mplant \u00dcst\u00fc Protezler, Zirkonyum Kaplamalar, G\u00fcl\u00fc\u015f<\/p>\n","protected":false},"author":1,"featured_media":0,"parent":0,"menu_order":0,"comment_status":"closed","ping_status":"closed","template":"","meta":{"_joinchat":[],"footnotes":""},"class_list":["post-118","page","type-page","status-publish","hentry"],"_links":{"self":[{"href":"https:\/\/gazisehirdis.com\/index.php\/wp-json\/wp\/v2\/pages\/118","targetHints":{"allow":["GET"]}}],"collection":[{"href":"https:\/\/gazisehirdis.com\/index.php\/wp-json\/wp\/v2\/pages"}],"about":[{"href":"https:\/\/gazisehirdis.com\/index.php\/wp-json\/wp\/v2\/types\/page"}],"author":[{"embeddable":true,"href":"https:\/\/gazisehirdis.com\/index.php\/wp-json\/wp\/v2\/users\/1"}],"replies":[{"embeddable":true,"href":"https:\/\/gazisehirdis.com\/index.php\/wp-json\/wp\/v2\/comments?post=118"}],"version-history":[{"count":38,"href":"https:\/\/gazisehirdis.com\/index.php\/wp-json\/wp\/v2\/pages\/118\/revisions"}],"predecessor-version":[{"id":540,"href":"https:\/\/gazisehirdis.com\/index.php\/wp-json\/wp\/v2\/pages\/118\/revisions\/540"}],"wp:attachment":[{"href":"https:\/\/gazisehirdis.com\/index.php\/wp-json\/wp\/v2\/media?parent=118"}],"curies":[{"name":"wp","href":"https:\/\/api.w.org\/{rel}","templated":true}]}}