{"id":149,"date":"2021-04-11T20:14:58","date_gmt":"2021-04-11T17:14:58","guid":{"rendered":"http:\/\/gazisehirdis.com\/?page_id=149"},"modified":"2021-05-21T02:30:54","modified_gmt":"2021-05-20T23:30:54","slug":"anasayfa","status":"publish","type":"page","link":"https:\/\/gazisehirdis.com\/","title":{"rendered":"Anasayfa"},"content":{"rendered":"\t\t<div data-elementor-type=\"wp-page\" data-elementor-id=\"149\" class=\"elementor elementor-149\" data-elementor-settings=\"[]\">\n\t\t\t\t\t\t<div class=\"elementor-inner\">\n\t\t\t\t\t\t\t<div class=\"elementor-section-wrap\">\n\t\t\t\t\t\t\t<section class=\"elementor-section elementor-top-section elementor-element elementor-element-233b8c2 elementor-section-full_width elementor-section-height-default elementor-section-height-default\" data-id=\"233b8c2\" data-element_type=\"section\">\n\t\t\t\t\t\t<div class=\"elementor-container elementor-column-gap-default\">\n\t\t\t\t\t\t\t<div class=\"elementor-row\">\n\t\t\t\t\t<div class=\"elementor-column elementor-col-100 elementor-top-column elementor-element elementor-element-e61e40b\" data-id=\"e61e40b\" data-element_type=\"column\">\n\t\t\t<div class=\"elementor-column-wrap elementor-element-populated\">\n\t\t\t\t\t\t\t<div class=\"elementor-widget-wrap\">\n\t\t\t\t\t\t<div class=\"elementor-element elementor-element-2613bdc elementor-widget elementor-widget-heading\" data-id=\"2613bdc\" data-element_type=\"widget\" data-widget_type=\"heading.default\">\n\t\t\t\t<div class=\"elementor-widget-container\">\n\t\t\t<h2 class=\"elementor-heading-title elementor-size-default\">TE\u015eEKK\u00dcR EDER\u0130Z<\/h2>\t\t<\/div>\n\t\t\t\t<\/div>\n\t\t\t\t\t\t<\/div>\n\t\t\t\t\t<\/div>\n\t\t<\/div>\n\t\t\t\t\t\t\t\t<\/div>\n\t\t\t\t\t<\/div>\n\t\t<\/section>\n\t\t\t\t<section class=\"elementor-section elementor-top-section elementor-element elementor-element-e97ee43 elementor-section-full_width elementor-section-height-default elementor-section-height-default\" data-id=\"e97ee43\" data-element_type=\"section\">\n\t\t\t\t\t\t<div class=\"elementor-container elementor-column-gap-default\">\n\t\t\t\t\t\t\t<div class=\"elementor-row\">\n\t\t\t\t\t<div class=\"elementor-column elementor-col-100 elementor-top-column elementor-element elementor-element-ec208a4\" data-id=\"ec208a4\" data-element_type=\"column\">\n\t\t\t<div class=\"elementor-column-wrap elementor-element-populated\">\n\t\t\t\t\t\t\t<div class=\"elementor-widget-wrap\">\n\t\t\t\t\t\t<div class=\"elementor-element elementor-element-d884a7b elementor-widget elementor-widget-text-editor\" data-id=\"d884a7b\" data-element_type=\"widget\" data-widget_type=\"text-editor.default\">\n\t\t\t\t<div class=\"elementor-widget-container\">\n\t\t\t\t\t\t\t\t<div class=\"elementor-text-editor elementor-clearfix\">\n\t\t\t\t<p><span style=\"font-size: 12pt; line-height: 115%; font-family: Arial, sans-serif; color: #1c1e29; padding: 0cm; background: #fafafa; border: 1pt none windowtext;\">Toplumun her kesiminden hastalar\u0131n ula\u015fabilece\u011fi kaliteli ve g\u00fcvenilir di\u015f hekimli\u011fi hizmetleri vermek<\/span><span style=\"font-family: Arial, sans-serif; color: #1c1e29; padding: 0cm; background: #fafafa; border: 1pt none windowtext;\"> i\u00e7in \u00e7\u0131kt\u0131\u011f\u0131m\u0131z bu yolda bizleri bir an olsun yaln\u0131z b\u0131rakmayan, gerek maddi gerekse manevi desteklerini asla esirgemeyen, <\/span><span style=\"font-size: 12pt; line-height: 115%; font-family: Arial, sans-serif; color: #1c1e29; padding: 0cm; background: #fafafa; border: 1pt none windowtext;\"><b>Sn. Halil YA\u015eAR<\/b><\/span><span style=\"font-family: Arial, sans-serif; color: #1c1e29; padding: 0cm; background: #fafafa; border: 1pt none windowtext;\"> ba\u015fta olmak \u00fczere t\u00fcm <\/span><span style=\"font-size: 12pt; line-height: 115%; font-family: Arial, sans-serif; color: #1c1e29; padding: 0cm; background: #fafafa; border: 1pt none windowtext;\"><b>Armor G\u00fcvenlik Hizmetleri<\/b> ve <b>Zer G\u00fcvenlik Hizmetleri \u015eirketleri<\/b>\u2019nin \u00e7ok de\u011ferli \u00e7al\u0131\u015fanlar\u0131na<\/span><span style=\"font-family: Arial, sans-serif; color: #1c1e29; padding: 0cm; background: #fafafa; border: 1pt none windowtext;\">, finansal \u00e7\u00f6z\u00fcm <\/span><span style=\"font-size: 12pt; line-height: 115%; font-family: Arial, sans-serif; color: #1c1e29; padding: 0cm; background: #fafafa; border: 1pt none windowtext;\"><b>orta\u011f\u0131m\u0131z<\/b><\/span><span style=\"font-family: Arial, sans-serif; color: #1c1e29; padding: 0cm; background: #fafafa; border: 1pt none windowtext;\"><b> <\/b>QNB Finansbank A.\u015e\u2019nin Binevler \u015eube M\u00fcd\u00fcr\u00fc <\/span><span style=\"font-size: 12pt; line-height: 115%; font-family: Arial, sans-serif; color: #1c1e29; padding: 0cm; background: #fafafa; border: 1pt none windowtext;\"><b>Sn. Hac\u0131 Ahmet D\u00d6K\u00dcC\u00dc<\/b>\u2019ye<\/span><span style=\"font-family: Arial, sans-serif; color: #1c1e29; padding: 0cm; background: #fafafa; border: 1pt none windowtext;\">, yap\u0131m s\u00fcreci boyunca fikirleriyle ufkumuzu a\u00e7an\u00a0<\/span><span style=\"font-size: 12pt; line-height: 115%; font-family: Arial, sans-serif; color: #1c1e29; padding: 0cm; background: #fafafa; border: 1pt none windowtext;\"><b>Sn. Ali USTA<\/b>\u2019ya<\/span><span style=\"font-family: Arial, sans-serif; color: #1c1e29; padding: 0cm; background: #fafafa; border: 1pt none windowtext;\"> , ba\u015fta <\/span><span style=\"font-size: 12pt; line-height: 115%; font-family: Arial, sans-serif; color: #1c1e29; padding: 0cm; background: #fafafa; border: 1pt none windowtext;\"><b>Sn. Tahir MERAL<\/b><\/span><span style=\"font-family: Arial, sans-serif; color: #1c1e29; padding: 0cm; background: #fafafa; border: 1pt none windowtext;\"> olmak \u00fczere <\/span><span style=\"font-size: 12pt; line-height: 115%; font-family: Arial, sans-serif; color: #1c1e29; padding: 0cm; background: #fafafa; border: 1pt none windowtext;\"><b>TAH\u0130R MERAL \u0130N\u015eAAT<\/b> \u00e7al\u0131\u015fanlar\u0131na <\/span><span style=\"font-family: Arial, sans-serif; color: #1c1e29; padding: 0cm; background: #fafafa; border: 1pt none windowtext;\">ve<\/span><span style=\"font-size: 12pt; line-height: 115%; font-family: Arial, sans-serif; color: #1c1e29; padding: 0cm; background: #fafafa; border: 1pt none windowtext;\"> \u0130n\u015faat M\u00fchendisi <b>Sn. \u00d6zg\u00fcr K\u00dcR\u00dcML\u00dcO\u011eLU<\/b>\u2019na<\/span><span style=\"font-family: Arial, sans-serif; color: #1c1e29; padding: 0cm; background: #fafafa; border: 1pt none windowtext;\"> , <\/span><span style=\"font-size: 12pt; line-height: 115%; font-family: Arial, sans-serif; color: #1c1e29; padding: 0cm; background: #fafafa; border: 1pt none windowtext;\"><b>Antep Herifleri Derne\u011fi<\/b>\u2019nin <b>De\u011ferli Ba\u015fkan\u0131<\/b> <b>Sn. Mehmet YILMAZ<\/b>\u2019a<\/span><span style=\"font-family: Arial, sans-serif; color: #1c1e29; padding: 0cm; background: #fafafa; border: 1pt none windowtext;\"> ve O\u2019nun \u015fahs\u0131nda t\u00fcm y\u00f6netim kurulu <\/span><span style=\"font-family: Arial, sans-serif; color: #1c1e29; padding: 0cm; border: 1pt none windowtext;\">\u00fcyeleri<\/span><span style=\"font-family: Arial, sans-serif; color: #1c1e29; padding: 0cm; background: #fafafa; border: 1pt none windowtext;\"> ve dernek mensuplar\u0131na<\/span><span style=\"font-size: 12pt; line-height: 115%; font-family: Arial, sans-serif; color: #1c1e29; padding: 0cm; background: #fafafa; border: 1pt none windowtext;\">, <b>25 Aral\u0131k K\u00fc\u00e7\u00fck Sanayi<\/b> Sitesi Y\u00f6netim Kurulu Ba\u015fkan\u0131 <b>Sn. Mustafa KICIKO\u011eLU<\/b>\u2019na, <b>O\u011fuzeli Belediye Ba\u015fkan Yard\u0131mc\u0131s\u0131<\/b> <b>Sn. Yusuf TA\u015eDEM\u0130R<\/b>\u2019e,<\/span><span style=\"font-family: Arial, sans-serif; color: #1c1e29; padding: 0cm; background: #fafafa; border: 1pt none windowtext;\"> klini\u011fimizin in\u015fa s\u00fcrecinde verdi\u011fimiz rahats\u0131zl\u0131klara ra\u011fmen bizi sonsuz ho\u015fg\u00f6r\u00fcyle kar\u015f\u0131layan sitemiz y\u00f6neticisi <\/span><span style=\"font-size: 12pt; line-height: 115%; font-family: Arial, sans-serif; color: #1c1e29; padding: 0cm; background: #fafafa; border: 1pt none windowtext;\"><b>Sn. Mehmet Cihan ALPASLAN<\/b>\u2019a<\/span><span style=\"font-family: Arial, sans-serif; color: #1c1e29; padding: 0cm; background: #fafafa; border: 1pt none windowtext;\">, i\u015fyeri kom\u015fular\u0131m\u0131z <\/span><span style=\"font-size: 12pt; line-height: 115%; font-family: Arial, sans-serif; color: #1c1e29; padding: 0cm; background: #fafafa; border: 1pt none windowtext;\"><b>Sn.\u00d6zcan CANSEVER<\/b>\u2019in<\/span><span style=\"font-family: Arial, sans-serif; color: #1c1e29; padding: 0cm; background: #fafafa; border: 1pt none windowtext;\"> \u015fahs\u0131nda t\u00fcm <\/span><span style=\"font-size: 12pt; line-height: 115%; font-family: Arial, sans-serif; color: #1c1e29; padding: 0cm; background: #fafafa; border: 1pt none windowtext;\"><b>G\u00dcVEN PARKE<\/b> \u00e7al\u0131\u015fanlar\u0131na<\/span><span style=\"font-family: Arial, sans-serif; color: #1c1e29; padding: 0cm; background: #fafafa; border: 1pt none windowtext;\">,\u00a0\u00a0 <\/span><span style=\"font-size: 12pt; line-height: 115%; font-family: Arial, sans-serif; color: #1c1e29; padding: 0cm; background: #fafafa; border: 1pt none windowtext;\"><b>Sn. Ramazan ASLAN<\/b>\u2019a <\/span><span style=\"font-family: Arial, sans-serif; color: #1c1e29; padding: 0cm; background: #fafafa; border: 1pt none windowtext;\">ve O\u2019nun \u015fahs\u0131nda t\u00fcm <\/span><span style=\"font-size: 12pt; line-height: 115%; font-family: Arial, sans-serif; color: #1c1e29; padding: 0cm; background: #fafafa; border: 1pt none windowtext;\"><b>Mekan Emlak M\u00fc\u015favirli\u011fi<\/b> \u00e7al\u0131\u015fanlar\u0131na<\/span><span style=\"font-family: Arial, sans-serif; color: #1c1e29; padding: 0cm; background: #fafafa; border: 1pt none windowtext;\">, <\/span><b><span style=\"font-size: 12pt; line-height: 115%; font-family: Arial, sans-serif; color: #1c1e29; padding: 0cm; background: #fafafa; border: 1pt none windowtext;\">Sn. Mustafa <\/span><span style=\"font-size: 12pt; line-height: 115%; font-family: Arial, sans-serif; color: #1c1e29; padding: 0cm; border: 1pt none windowtext;\">\u00c7OKPINAR<\/span><\/b><span style=\"font-family: Arial, sans-serif; color: #1c1e29; padding: 0cm; background: #fafafa; border: 1pt none windowtext;\"> ve K\u0131ymetli e\u015fi <\/span><span style=\"font-size: 12pt; line-height: 115%; font-family: Arial, sans-serif; color: #1c1e29; padding: 0cm; background: #fafafa; border: 1pt none windowtext;\"><b>Sn. Nevra \u00c7OKPINAR<\/b>\u2019a<\/span><span style=\"font-family: Arial, sans-serif; color: #1c1e29; padding: 0cm; background: #fafafa; border: 1pt none windowtext;\"> ve burada isimlerini sayamad\u0131\u011f\u0131m\u0131z eme\u011fi ge\u00e7en t\u00fcm dostlar\u0131m\u0131za sonsuz te\u015fekk\u00fcrlerimizi iletir, onlar\u0131n deste\u011fine lay\u0131k olabilmek i\u00e7in var g\u00fcc\u00fcm\u00fczle \u00e7al\u0131\u015faca\u011f\u0131m\u0131z\u0131 buradan bir kez daha belirtmek isteriz.<\/span><\/p>\t\t\t\t\t<\/div>\n\t\t\t\t\t\t<\/div>\n\t\t\t\t<\/div>\n\t\t\t\t\t\t<\/div>\n\t\t\t\t\t<\/div>\n\t\t<\/div>\n\t\t\t\t\t\t\t\t<\/div>\n\t\t\t\t\t<\/div>\n\t\t<\/section>\n\t\t\t\t<section class=\"elementor-section elementor-top-section elementor-element elementor-element-7248f2d elementor-section-full_width elementor-section-height-default elementor-section-height-default\" data-id=\"7248f2d\" data-element_type=\"section\">\n\t\t\t\t\t\t<div class=\"elementor-container elementor-column-gap-default\">\n\t\t\t\t\t\t\t<div class=\"elementor-row\">\n\t\t\t\t\t<div class=\"elementor-column elementor-col-100 elementor-top-column elementor-element elementor-element-4de68b7\" data-id=\"4de68b7\" data-element_type=\"column\">\n\t\t\t<div class=\"elementor-column-wrap elementor-element-populated\">\n\t\t\t\t\t\t\t<div class=\"elementor-widget-wrap\">\n\t\t\t\t\t\t<div class=\"elementor-element elementor-element-9c98d54 elementor-widget elementor-widget-text-editor\" data-id=\"9c98d54\" data-element_type=\"widget\" data-widget_type=\"text-editor.default\">\n\t\t\t\t<div class=\"elementor-widget-container\">\n\t\t\t\t\t\t\t\t<div class=\"elementor-text-editor elementor-clearfix\">\n\t\t\t\t<ul style=\"font-variant-ligatures: normal; font-variant-caps: normal; font-family: Roboto, sans-serif; font-size: 16px; font-style: normal;\"><li style=\"font-size: 16px;\"><span style=\"line-height: 18.4px; font-family: Arial, sans-serif; font-size: 12pt; padding: 0cm; color: #1c1e29; background: #fafafa; border: 1pt none windowtext;\"><b>\u00d6zel\u00a0<\/b><\/span><span style=\"font-weight: bold;\"><span style=\"line-height: 18.4px; font-family: Arial, sans-serif; font-size: 12pt; padding: 0cm; color: #1c1e29; border: 1pt none windowtext;\">Gazi\u015fehir<\/span><span style=\"line-height: 18.4px; font-family: Arial, sans-serif; font-size: 12pt; padding: 0cm; color: #1c1e29; background: #fafafa; border: 1pt none windowtext;\">\u00a0A\u011f\u0131z ve Di\u015f Sa\u011fl\u0131\u011f\u0131\u00a0<\/span><span style=\"line-height: 18.4px; font-family: Arial, sans-serif; font-size: 12pt; padding: 0cm; color: #1c1e29; border: 1pt none windowtext;\">Pol<\/span><span style=\"line-height: 18.4px; font-family: Arial, sans-serif; font-size: 12pt; padding: 0cm; color: #1c1e29; background: #fafafa; border: 1pt none windowtext;\">iklini\u011f\u0130<\/span><\/span><\/li><li style=\"font-size: 16px;\"><b>&#8220;G\u00fcvenilir, Kaliteli Di\u015f Hekimli\u011fi&#8221;<\/b><\/li><\/ul>\t\t\t\t\t<\/div>\n\t\t\t\t\t\t<\/div>\n\t\t\t\t<\/div>\n\t\t\t\t\t\t<\/div>\n\t\t\t\t\t<\/div>\n\t\t<\/div>\n\t\t\t\t\t\t\t\t<\/div>\n\t\t\t\t\t<\/div>\n\t\t<\/section>\n\t\t\t\t\t\t<\/div>\n\t\t\t\t\t\t<\/div>\n\t\t\t\t\t<\/div>\n\t\t","protected":false},"excerpt":{"rendered":"<p>TE\u015eEKK\u00dcR EDER\u0130Z Toplumun her kesiminden hastalar\u0131n ula\u015fabilece\u011fi kaliteli ve g\u00fcvenilir di\u015f hekimli\u011fi hizmetleri vermek i\u00e7in \u00e7\u0131kt\u0131\u011f\u0131m\u0131z bu yolda bizleri bir<\/p>\n","protected":false},"author":1,"featured_media":0,"parent":0,"menu_order":0,"comment_status":"closed","ping_status":"closed","template":"","meta":{"_joinchat":[],"footnotes":""},"class_list":["post-149","page","type-page","status-publish","hentry"],"_links":{"self":[{"href":"https:\/\/gazisehirdis.com\/index.php\/wp-json\/wp\/v2\/pages\/149","targetHints":{"allow":["GET"]}}],"collection":[{"href":"https:\/\/gazisehirdis.com\/index.php\/wp-json\/wp\/v2\/pages"}],"about":[{"href":"https:\/\/gazisehirdis.com\/index.php\/wp-json\/wp\/v2\/types\/page"}],"author":[{"embeddable":true,"href":"https:\/\/gazisehirdis.com\/index.php\/wp-json\/wp\/v2\/users\/1"}],"replies":[{"embeddable":true,"href":"https:\/\/gazisehirdis.com\/index.php\/wp-json\/wp\/v2\/comments?post=149"}],"version-history":[{"count":34,"href":"https:\/\/gazisehirdis.com\/index.php\/wp-json\/wp\/v2\/pages\/149\/revisions"}],"predecessor-version":[{"id":581,"href":"https:\/\/gazisehirdis.com\/index.php\/wp-json\/wp\/v2\/pages\/149\/revisions\/581"}],"wp:attachment":[{"href":"https:\/\/gazisehirdis.com\/index.php\/wp-json\/wp\/v2\/media?parent=149"}],"curies":[{"name":"wp","href":"https:\/\/api.w.org\/{rel}","templated":true}]}}