{"id":284,"date":"2021-05-03T01:13:04","date_gmt":"2021-05-02T22:13:04","guid":{"rendered":"http:\/\/gazisehirdis.com\/?page_id=284"},"modified":"2021-05-03T01:18:57","modified_gmt":"2021-05-02T22:18:57","slug":"kanal-tedavisi-2-3-3-2-3-2","status":"publish","type":"page","link":"https:\/\/gazisehirdis.com\/index.php\/kanal-tedavisi-2-3-3-2-3-2\/","title":{"rendered":"Pedodonti (\u00c7ocuk Di\u015f Hekimli\u011fi)"},"content":{"rendered":"\t\t<div data-elementor-type=\"wp-page\" data-elementor-id=\"284\" class=\"elementor elementor-284\" data-elementor-settings=\"[]\">\n\t\t\t\t\t\t<div class=\"elementor-inner\">\n\t\t\t\t\t\t\t<div class=\"elementor-section-wrap\">\n\t\t\t\t\t\t\t<section class=\"elementor-section elementor-top-section elementor-element elementor-element-0c374b2 elementor-section-full_width elementor-section-height-default elementor-section-height-default\" data-id=\"0c374b2\" data-element_type=\"section\">\n\t\t\t\t\t\t<div class=\"elementor-container elementor-column-gap-default\">\n\t\t\t\t\t\t\t<div class=\"elementor-row\">\n\t\t\t\t\t<div class=\"elementor-column elementor-col-100 elementor-top-column elementor-element elementor-element-a652b45\" data-id=\"a652b45\" data-element_type=\"column\">\n\t\t\t<div class=\"elementor-column-wrap elementor-element-populated\">\n\t\t\t\t\t\t\t<div class=\"elementor-widget-wrap\">\n\t\t\t\t\t\t<div class=\"elementor-element elementor-element-27833b1 elementor-widget elementor-widget-heading\" data-id=\"27833b1\" data-element_type=\"widget\" data-widget_type=\"heading.default\">\n\t\t\t\t<div class=\"elementor-widget-container\">\n\t\t\t<h1 class=\"elementor-heading-title elementor-size-medium\">Fiss\u00fcr Koruyucu<\/h1>\t\t<\/div>\n\t\t\t\t<\/div>\n\t\t\t\t<div class=\"elementor-element elementor-element-5ad979b elementor-widget elementor-widget-heading\" data-id=\"5ad979b\" data-element_type=\"widget\" data-widget_type=\"heading.default\">\n\t\t\t\t<div class=\"elementor-widget-container\">\n\t\t\t<h2 class=\"elementor-heading-title elementor-size-small\">\u00c7ocuk ve gen\u00e7 hastalarda yap\u0131lan bir uygulamad\u0131r. Di\u015flerin uzun y\u0131llar sorun \u00e7\u0131karmadan sa\u011fl\u0131kl\u0131 hizmet edebilmeleri amac\u0131yla yap\u0131lan koruyucu bir y\u00f6ntemdir. S\u00fct ve s\u00fcrekli di\u015flerde uygulanabilir. Di\u015flerin \u00e7i\u011fneyici y\u00fczeyleri temizlendikten sonra fissur \u00f6rt\u00fcc\u00fc denilen ince bir koruyucu madde uygulan\u0131r. Bu sayede di\u015flerin temizlenemez, derindeki y\u00fczeylerine bakterilerin giri\u015fi engellenmi\u015f olur.<\/h2>\t\t<\/div>\n\t\t\t\t<\/div>\n\t\t\t\t\t\t<\/div>\n\t\t\t\t\t<\/div>\n\t\t<\/div>\n\t\t\t\t\t\t\t\t<\/div>\n\t\t\t\t\t<\/div>\n\t\t<\/section>\n\t\t\t\t<section class=\"elementor-section elementor-top-section elementor-element elementor-element-57e5cb7 elementor-section-full_width elementor-section-height-default elementor-section-height-default\" data-id=\"57e5cb7\" data-element_type=\"section\">\n\t\t\t\t\t\t<div class=\"elementor-container elementor-column-gap-default\">\n\t\t\t\t\t\t\t<div class=\"elementor-row\">\n\t\t\t\t\t<div class=\"elementor-column elementor-col-100 elementor-top-column elementor-element elementor-element-9d9d4b9\" data-id=\"9d9d4b9\" data-element_type=\"column\">\n\t\t\t<div class=\"elementor-column-wrap elementor-element-populated\">\n\t\t\t\t\t\t\t<div class=\"elementor-widget-wrap\">\n\t\t\t\t\t\t<div class=\"elementor-element elementor-element-d59d6b9 elementor-widget elementor-widget-heading\" data-id=\"d59d6b9\" data-element_type=\"widget\" data-widget_type=\"heading.default\">\n\t\t\t\t<div class=\"elementor-widget-container\">\n\t\t\t<h2 class=\"elementor-heading-title elementor-size-small\">A\u011f\u0131z Bak\u0131m\u0131 ve Di\u015f F\u0131r\u00e7alama<\/h2>\t\t<\/div>\n\t\t\t\t<\/div>\n\t\t\t\t<div class=\"elementor-element elementor-element-d98a93b elementor-widget elementor-widget-heading\" data-id=\"d98a93b\" data-element_type=\"widget\" data-widget_type=\"heading.default\">\n\t\t\t\t<div class=\"elementor-widget-container\">\n\t\t\t<h2 class=\"elementor-heading-title elementor-size-small\">A\u011f\u0131z bak\u0131m al\u0131\u015fkanl\u0131\u011f\u0131 \u00e7ok k\u00fc\u00e7\u00fck ya\u015flarda \u00f6nce taklit ve oyun ile \u00e7ocu\u011fa \u00f6\u011fretilmelidir. \u0130lerleyen y\u0131llarda ise davran\u0131\u015f bi\u00e7imi olarak yerle\u015fmesi hedeflenmelidir. Bunu sa\u011flamak amac\u0131yla herhangi bir sorunla kar\u015f\u0131la\u015fmay\u0131 beklemeden \u00e7ocu\u011fu bir di\u015f hekimine g\u00f6t\u00fcrmek ve di\u015fleri ile ilgili fark\u0131ndal\u0131\u011f\u0131 g\u00f6stermek yerinde olacakt\u0131r. \u00c7ocu\u011funuzun muayenesi sonras\u0131 ya\u015f\u0131na g\u00f6re uygun f\u0131r\u00e7a tavsiyesi yap\u0131l\u0131p, \u00f6rnek model \u00fczerinde f\u0131r\u00e7alama bi\u00e7imi anlayaca\u011f\u0131 \u015fekilde anlat\u0131l\u0131r.<\/h2>\t\t<\/div>\n\t\t\t\t<\/div>\n\t\t\t\t\t\t<\/div>\n\t\t\t\t\t<\/div>\n\t\t<\/div>\n\t\t\t\t\t\t\t\t<\/div>\n\t\t\t\t\t<\/div>\n\t\t<\/section>\n\t\t\t\t<section class=\"elementor-section elementor-top-section elementor-element elementor-element-4eedd42 elementor-section-full_width elementor-section-height-default elementor-section-height-default\" data-id=\"4eedd42\" data-element_type=\"section\">\n\t\t\t\t\t\t<div class=\"elementor-container elementor-column-gap-default\">\n\t\t\t\t\t\t\t<div class=\"elementor-row\">\n\t\t\t\t\t<div class=\"elementor-column elementor-col-100 elementor-top-column elementor-element elementor-element-8426806\" data-id=\"8426806\" data-element_type=\"column\">\n\t\t\t<div class=\"elementor-column-wrap elementor-element-populated\">\n\t\t\t\t\t\t\t<div class=\"elementor-widget-wrap\">\n\t\t\t\t\t\t<div class=\"elementor-element elementor-element-b9b282e elementor-widget elementor-widget-heading\" data-id=\"b9b282e\" data-element_type=\"widget\" data-widget_type=\"heading.default\">\n\t\t\t\t<div class=\"elementor-widget-container\">\n\t\t\t<h2 class=\"elementor-heading-title elementor-size-small\">S\u00fct ve Daimi Di\u015flerin S\u00fcrme Takibi<\/h2>\t\t<\/div>\n\t\t\t\t<\/div>\n\t\t\t\t<div class=\"elementor-element elementor-element-7da1f68 elementor-widget elementor-widget-heading\" data-id=\"7da1f68\" data-element_type=\"widget\" data-widget_type=\"heading.default\">\n\t\t\t\t<div class=\"elementor-widget-container\">\n\t\t\t<h2 class=\"elementor-heading-title elementor-size-small\">Di\u015flerin s\u00fcrme zamanlar\u0131na g\u00f6re takibi yap\u0131lmal\u0131d\u0131r. S\u00fcrme zaman\u0131 geldi\u011fi halde s\u00fcrmemi\u015f di\u015fler de\u011ferlendirilmeli gerekti\u011fi durumlarda geciken daimi di\u015fin \u00fcst\u00fcndeki s\u00fct di\u015fi \u00e7ekilmelidir. S\u00fcrme zaman\u0131 geldi\u011fi halde s\u00fcremeyen di\u015fler varsa mutlaka bir di\u015f hekimine g\u00f6sterilmelidir.<\/h2>\t\t<\/div>\n\t\t\t\t<\/div>\n\t\t\t\t\t\t<\/div>\n\t\t\t\t\t<\/div>\n\t\t<\/div>\n\t\t\t\t\t\t\t\t<\/div>\n\t\t\t\t\t<\/div>\n\t\t<\/section>\n\t\t\t\t<section class=\"elementor-section elementor-top-section elementor-element elementor-element-ac25e19 elementor-section-full_width elementor-section-height-default elementor-section-height-default\" data-id=\"ac25e19\" data-element_type=\"section\">\n\t\t\t\t\t\t<div class=\"elementor-container elementor-column-gap-default\">\n\t\t\t\t\t\t\t<div class=\"elementor-row\">\n\t\t\t\t\t<div class=\"elementor-column elementor-col-100 elementor-top-column elementor-element elementor-element-93061a4\" data-id=\"93061a4\" data-element_type=\"column\">\n\t\t\t<div class=\"elementor-column-wrap elementor-element-populated\">\n\t\t\t\t\t\t\t<div class=\"elementor-widget-wrap\">\n\t\t\t\t\t\t<div class=\"elementor-element elementor-element-b2d8b91 elementor-widget elementor-widget-heading\" data-id=\"b2d8b91\" data-element_type=\"widget\" data-widget_type=\"heading.default\">\n\t\t\t\t<div class=\"elementor-widget-container\">\n\t\t\t<h2 class=\"elementor-heading-title elementor-size-medium\">S\u00fct ve Daimi Di\u015flerin Tedavileri<\/h2>\t\t<\/div>\n\t\t\t\t<\/div>\n\t\t\t\t<div class=\"elementor-element elementor-element-2716d00 elementor-widget elementor-widget-heading\" data-id=\"2716d00\" data-element_type=\"widget\" data-widget_type=\"heading.default\">\n\t\t\t\t<div class=\"elementor-widget-container\">\n\t\t\t<h2 class=\"elementor-heading-title elementor-size-small\">S\u00fct di\u015flerindeki \u00e7\u00fcr\u00fckler di\u015f hekimi taraf\u0131ndan de\u011ferlendirilip gerek g\u00f6r\u00fcl\u00fcrse tedavileri yap\u0131lmal\u0131d\u0131r. Daimi di\u015fin s\u00fcrmesine \u00e7ok zaman varsa s\u00fct di\u015fi \u00e7ekilmesi gerekiyorsa mutlaka yer tutucular yap\u0131lmal\u0131d\u0131r.<\/h2>\t\t<\/div>\n\t\t\t\t<\/div>\n\t\t\t\t\t\t<\/div>\n\t\t\t\t\t<\/div>\n\t\t<\/div>\n\t\t\t\t\t\t\t\t<\/div>\n\t\t\t\t\t<\/div>\n\t\t<\/section>\n\t\t\t\t\t\t<\/div>\n\t\t\t\t\t\t<\/div>\n\t\t\t\t\t<\/div>\n\t\t","protected":false},"excerpt":{"rendered":"<p>Fiss\u00fcr Koruyucu \u00c7ocuk ve gen\u00e7 hastalarda yap\u0131lan bir uygulamad\u0131r. Di\u015flerin uzun y\u0131llar sorun \u00e7\u0131karmadan sa\u011fl\u0131kl\u0131 hizmet edebilmeleri amac\u0131yla yap\u0131lan koruyucu<\/p>\n","protected":false},"author":1,"featured_media":0,"parent":0,"menu_order":0,"comment_status":"closed","ping_status":"closed","template":"","meta":{"_joinchat":[],"footnotes":""},"class_list":["post-284","page","type-page","status-publish","hentry"],"_links":{"self":[{"href":"https:\/\/gazisehirdis.com\/index.php\/wp-json\/wp\/v2\/pages\/284","targetHints":{"allow":["GET"]}}],"collection":[{"href":"https:\/\/gazisehirdis.com\/index.php\/wp-json\/wp\/v2\/pages"}],"about":[{"href":"https:\/\/gazisehirdis.com\/index.php\/wp-json\/wp\/v2\/types\/page"}],"author":[{"embeddable":true,"href":"https:\/\/gazisehirdis.com\/index.php\/wp-json\/wp\/v2\/users\/1"}],"replies":[{"embeddable":true,"href":"https:\/\/gazisehirdis.com\/index.php\/wp-json\/wp\/v2\/comments?post=284"}],"version-history":[{"count":5,"href":"https:\/\/gazisehirdis.com\/index.php\/wp-json\/wp\/v2\/pages\/284\/revisions"}],"predecessor-version":[{"id":296,"href":"https:\/\/gazisehirdis.com\/index.php\/wp-json\/wp\/v2\/pages\/284\/revisions\/296"}],"wp:attachment":[{"href":"https:\/\/gazisehirdis.com\/index.php\/wp-json\/wp\/v2\/media?parent=284"}],"curies":[{"name":"wp","href":"https:\/\/api.w.org\/{rel}","templated":true}]}}